{"id":549,"date":"2023-12-10T10:37:42","date_gmt":"2023-12-10T09:37:42","guid":{"rendered":"http:\/\/www.lyceehenaff.fr\/?page_id=549"},"modified":"2023-12-15T17:01:09","modified_gmt":"2023-12-15T16:01:09","slug":"bma-ebeniste","status":"publish","type":"page","link":"https:\/\/www.lyceehenaff.fr\/index.php\/bma-ebeniste\/","title":{"rendered":"BMA Eb\u00e9niste"},"content":{"rendered":"<p>[et_pb_section fb_built=\u00a0\u00bb1&Prime; _builder_version=\u00a0\u00bb4.23.1&Prime; _module_preset=\u00a0\u00bbdefault\u00a0\u00bb background_enable_image=\u00a0\u00bboff\u00a0\u00bb border_radii=\u00a0\u00bbon|10px|10px|10px|10px\u00a0\u00bb global_colors_info=\u00a0\u00bb{}\u00a0\u00bb][et_pb_row _builder_version=\u00a0\u00bb4.23.1&Prime; _module_preset=\u00a0\u00bbdefault\u00a0\u00bb global_colors_info=\u00a0\u00bb{}\u00a0\u00bb][et_pb_column type=\u00a0\u00bb4_4&Prime; _builder_version=\u00a0\u00bb4.23.1&Prime; _module_preset=\u00a0\u00bbdefault\u00a0\u00bb global_colors_info=\u00a0\u00bb{}\u00a0\u00bb][et_pb_heading title=\u00a0\u00bbBMA Eb\u00e9niste\u00a0\u00bb _builder_version=\u00a0\u00bb4.23.1&Prime; _module_preset=\u00a0\u00bbdefault\u00a0\u00bb global_colors_info=\u00a0\u00bb{}\u00a0\u00bb][\/et_pb_heading][\/et_pb_column][\/et_pb_row][\/et_pb_section][et_pb_section fb_built=\u00a0\u00bb1&Prime; _builder_version=\u00a0\u00bb4.23.1&Prime; _module_preset=\u00a0\u00bbdefault\u00a0\u00bb custom_margin=\u00a0\u00bb-126px|||||\u00a0\u00bb custom_padding=\u00a0\u00bb36px|||||\u00a0\u00bb global_colors_info=\u00a0\u00bb{}\u00a0\u00bb][et_pb_row _builder_version=\u00a0\u00bb4.23.1&Prime; _module_preset=\u00a0\u00bbdefault\u00a0\u00bb custom_margin=\u00a0\u00bb1px|auto||auto||\u00a0\u00bb global_colors_info=\u00a0\u00bb{}\u00a0\u00bb][et_pb_column type=\u00a0\u00bb4_4&Prime; _builder_version=\u00a0\u00bb4.23.1&Prime; _module_preset=\u00a0\u00bbdefault\u00a0\u00bb global_colors_info=\u00a0\u00bb{}\u00a0\u00bb][et_pb_text _builder_version=\u00a0\u00bb4.23.1&Prime; _module_preset=\u00a0\u00bbdefault\u00a0\u00bb width=\u00a0\u00bb100%\u00a0\u00bb custom_margin=\u00a0\u00bb|422px||||\u00a0\u00bb link_option_url_new_window=\u00a0\u00bbon\u00a0\u00bb global_colors_info=\u00a0\u00bb{}\u00a0\u00bb]<\/p>\n<p><strong>Pr\u00e9sentation du dipl\u00f4me\/m\u00e9tier<\/strong><\/p>\n<p>Le titulaire du BMA Eb\u00e9niste est un technicien hautement qualifi\u00e9 qui fabrique ou restaure des meubles ou des \u00e9l\u00e9ments mobiliers, d\u2019apr\u00e8s un plan-projet ou un mod\u00e8le.<\/p>\n<p>Ses activit\u00e9s professionnelles consistent \u00e0 analyser un cahier des charges, un plan d\u2019ensemble ou de d\u00e9tails pour d\u00e9terminer les conditions de fabrication d\u2019un produit, les co\u00fbts de production et la gestion des stocks pr\u00e9visionnels.<\/p>\n<p>Il ma\u00eetrise les processus de fabrication et les diff\u00e9rents travaux d\u2019\u00e9b\u00e9nisterie et peut, en collaboration avec des sp\u00e9cialistes de la cr\u00e9ation, participer \u00e0 la mise au point de prototypes. Il est capable de r\u00e9aliser des dessins d\u2019art appliqu\u00e9, des dessins techniques ainsi que des modelages.<\/p>\n<p><strong>Le profil recherch\u00e9<\/strong><\/p>\n<p>La formation est accessible aux titulaires du CAP Eb\u00e9niste, CAP Arts du bois, option sculpteur ornemaniste, CAP Arts du bois, option marqueteur, CAP Arts du bois, option tourneur et CAP Menuisier en si\u00e8ges mais la formation est accessible aux titulaires du CAP (peu importe la sp\u00e9cialit\u00e9), d\u2019un baccalaur\u00e9at, d\u2019un BTS, d\u2019une licence&#8230;<\/p>\n<p><strong style=\"font-size: 14px;\">Programme de travail<\/strong><\/p>\n<p><span>La formation comprend une p\u00e9riode de formation en milieu professionnel d\u2019une dur\u00e9e de 12 semaines.<\/span><span style=\"font-size: 14px;\">\u00a0<\/span><\/p>\n<p><strong>Poursuite d\u2019\u00e9tudes et d\u00e9bouch\u00e9s professionnels<\/strong><\/p>\n<p>D<span>MA Habitat, option D\u00e9cors et mobiliers<\/span><br class=\"autobr\" \/><span>DMA Habitat, option Restauration de mobilier<\/span><br class=\"autobr\" \/><span>Vie active\u00a0: Entreprises artisanales et petites et moyennes entreprises de fabrication de meubles massifs et\/ou plaqu\u00e9s, de style ou contemporain. Secteur de l\u2019ameublement (\u00e9b\u00e9nisterie, restauration, menuiserie en si\u00e8ges,\u2026) et des arts du bois et de la d\u00e9coration int\u00e9rieure (sculpture, marqueterie, tournage, d\u00e9cors et traitements de surface).<\/span><\/p>\n<p>&nbsp;<\/p>\n<p><strong>Plus d\u2019infos&#8230;<\/strong><\/p>\n<p><a href=\"https:\/\/www.google.fr\/search?q=metiers+%C3%A9b%C3%A9niste&amp;tbo=p&amp;tbm=vid&amp;source=vgc&amp;hl=fr&amp;aq=f&amp;gws_rd=ssl\" class=\"spip_out\" rel=\"external noopener\" target=\"_blank\">Fiche m\u00e9tier ONISEP<\/a><\/p>\n<p><a href=\"https:\/\/www.youtube.com\/watch?v=MsxfKBr9aw4\">Pr\u00e9sentation vid\u00e9o de notre formation<\/a><\/p>\n<p><a href=\"https:\/\/www.google.fr\/search?q=metiers+%C3%A9b%C3%A9niste&amp;tbo=p&amp;tbm=vid&amp;source=vgc&amp;hl=fr&amp;aq=f&amp;gws_rd=ssl\" target=\"_blank\" rel=\"noopener\"><\/a><\/p>\n<p>[\/et_pb_text][\/et_pb_column][\/et_pb_row][et_pb_row _builder_version=\u00a0\u00bb4.23.1&Prime; _module_preset=\u00a0\u00bbdefault\u00a0\u00bb global_colors_info=\u00a0\u00bb{}\u00a0\u00bb][et_pb_column type=\u00a0\u00bb4_4&Prime; _builder_version=\u00a0\u00bb4.23.1&Prime; _module_preset=\u00a0\u00bbdefault\u00a0\u00bb global_colors_info=\u00a0\u00bb{}\u00a0\u00bb][et_pb_gallery gallery_ids=\u00a0\u00bb546,545,544,543,542&Prime; fullwidth=\u00a0\u00bbon\u00a0\u00bb _builder_version=\u00a0\u00bb4.23.1&Prime; _module_preset=\u00a0\u00bbdefault\u00a0\u00bb animation_style=\u00a0\u00bbfade\u00a0\u00bb auto=\u00a0\u00bbon\u00a0\u00bb border_radii=\u00a0\u00bbon|10px|10px|10px|10px\u00a0\u00bb border_width_all=\u00a0\u00bb5px\u00a0\u00bb border_color_all=\u00a0\u00bb#000000&Prime; global_colors_info=\u00a0\u00bb{}\u00a0\u00bb][\/et_pb_gallery][\/et_pb_column][\/et_pb_row][et_pb_row _builder_version=\u00a0\u00bb4.23.1&Prime; _module_preset=\u00a0\u00bbdefault\u00a0\u00bb global_colors_info=\u00a0\u00bb{}\u00a0\u00bb][et_pb_column type=\u00a0\u00bb4_4&Prime; _builder_version=\u00a0\u00bb4.23.1&Prime; _module_preset=\u00a0\u00bbdefault\u00a0\u00bb global_colors_info=\u00a0\u00bb{}\u00a0\u00bb][et_pb_button button_url=\u00a0\u00bbhttps:\/\/www.lyceehenaff.fr\/wp-content\/uploads\/2023\/12\/plaquette_eb.pdf\u00a0\u00bb url_new_window=\u00a0\u00bbon\u00a0\u00bb button_text=\u00a0\u00bbPlaquette BMA Eb\u00e9niste\u00a0\u00bb button_alignment=\u00a0\u00bbcenter\u00a0\u00bb _builder_version=\u00a0\u00bb4.23.1&Prime; _module_preset=\u00a0\u00bbdefault\u00a0\u00bb custom_button=\u00a0\u00bbon\u00a0\u00bb button_text_color=\u00a0\u00bb#000000&Prime; hover_enabled=\u00a0\u00bb0&Prime; global_colors_info=\u00a0\u00bb{}\u00a0\u00bb sticky_enabled=\u00a0\u00bb0&Prime;][\/et_pb_button][\/et_pb_column][\/et_pb_row][\/et_pb_section]<\/p>\n","protected":false},"excerpt":{"rendered":"<p>Pr\u00e9sentation du dipl\u00f4me\/m\u00e9tier Le titulaire du BMA Eb\u00e9niste est un technicien hautement qualifi\u00e9 qui fabrique ou restaure des meubles ou des \u00e9l\u00e9ments mobiliers, d\u2019apr\u00e8s un plan-projet ou un mod\u00e8le. Ses activit\u00e9s professionnelles consistent \u00e0 analyser un cahier des charges, un plan d\u2019ensemble ou de d\u00e9tails pour d\u00e9terminer les conditions de fabrication d\u2019un produit, les co\u00fbts [&hellip;]<\/p>\n","protected":false},"author":2,"featured_media":0,"parent":0,"menu_order":0,"comment_status":"closed","ping_status":"closed","template":"","meta":{"_et_pb_use_builder":"on","_et_pb_old_content":"","_et_gb_content_width":"","footnotes":""},"class_list":["post-549","page","type-page","status-publish","hentry"],"_links":{"self":[{"href":"https:\/\/www.lyceehenaff.fr\/index.php\/wp-json\/wp\/v2\/pages\/549","targetHints":{"allow":["GET"]}}],"collection":[{"href":"https:\/\/www.lyceehenaff.fr\/index.php\/wp-json\/wp\/v2\/pages"}],"about":[{"href":"https:\/\/www.lyceehenaff.fr\/index.php\/wp-json\/wp\/v2\/types\/page"}],"author":[{"embeddable":true,"href":"https:\/\/www.lyceehenaff.fr\/index.php\/wp-json\/wp\/v2\/users\/2"}],"replies":[{"embeddable":true,"href":"https:\/\/www.lyceehenaff.fr\/index.php\/wp-json\/wp\/v2\/comments?post=549"}],"version-history":[{"count":7,"href":"https:\/\/www.lyceehenaff.fr\/index.php\/wp-json\/wp\/v2\/pages\/549\/revisions"}],"predecessor-version":[{"id":972,"href":"https:\/\/www.lyceehenaff.fr\/index.php\/wp-json\/wp\/v2\/pages\/549\/revisions\/972"}],"wp:attachment":[{"href":"https:\/\/www.lyceehenaff.fr\/index.php\/wp-json\/wp\/v2\/media?parent=549"}],"curies":[{"name":"wp","href":"https:\/\/api.w.org\/{rel}","templated":true}]}}

BMA Ebéniste

<p>[et_pb_section fb_built= »1&Prime; _builder_version= »4.23.1&Prime; _module_preset= »default » background_enable_image= »off » border_radii= »on|10px|10px|10px|10px » global_colors_info= »{} »][et_pb_row _builder_version= »4.23.1&Prime; _module_preset= »default » global_colors_info= »{} »][et_pb_column type= »4_4&Prime; _builder_version= »4.23.1&Prime; _module_preset= »default » global_colors_info= »{} »][et_pb_heading title= »BMA Ebéniste » _builder_version= »4.23.1&Prime; _module_preset= »default » global_colors_info= »{} »][/et_pb_heading][/et_pb_column][/et_pb_row][/et_pb_section][et_pb_section fb_built= »1&Prime; _builder_version= »4.23.1&Prime; _module_preset= »default » custom_margin= »-126px||||| » custom_padding= »36px||||| » global_colors_info= »{} »][et_pb_row _builder_version= »4.23.1&Prime; _module_preset= »default » custom_margin= »1px|auto||auto|| » global_colors_info= »{} »][et_pb_column type= »4_4&Prime; _builder_version= »4.23.1&Prime; _module_preset= »default » global_colors_info= »{} »][et_pb_text _builder_version= »4.23.1&Prime; _module_preset= »default » width= »100% » custom_margin= »|422px|||| » link_option_url_new_window= »on » global_colors_info= »{} »]</p>
<p><strong>Présentation du diplôme/métier</strong></p>
<p>Le titulaire du BMA Ebéniste est un technicien hautement qualifié qui fabrique ou restaure des meubles ou des éléments mobiliers, d’après un plan-projet ou un modèle.</p>
<p>Ses activités professionnelles consistent à analyser un cahier des charges, un plan d’ensemble ou de détails pour déterminer les conditions de fabrication d’un produit, les coûts de production et la gestion des stocks prévisionnels.</p>
<p>Il maîtrise les processus de fabrication et les différents travaux d’ébénisterie et peut, en collaboration avec des spécialistes de la création, participer à la mise au point de prototypes. Il est capable de réaliser des dessins d’art appliqué, des dessins techniques ainsi que des modelages.</p>
<p><strong>Le profil recherché</strong></p>
<p>La formation est accessible aux titulaires du CAP Ebéniste, CAP Arts du bois, option sculpteur ornemaniste, CAP Arts du bois, option marqueteur, CAP Arts du bois, option tourneur et CAP Menuisier en sièges mais la formation est accessible aux titulaires du CAP (peu importe la spécialité), d’un baccalauréat, d’un BTS, d’une licence&#8230;</p>
<p><strong style="font-size: 14px;">Programme de travail</strong></p>
<p><span>La formation comprend une période de formation en milieu professionnel d’une durée de 12 semaines.</span><span style="font-size: 14px;"> </span></p>
<p><strong>Poursuite d’études et débouchés professionnels</strong></p>
<p>D<span>MA Habitat, option Décors et mobiliers</span><br class="autobr" /><span>DMA Habitat, option Restauration de mobilier</span><br class="autobr" /><span>Vie active : Entreprises artisanales et petites et moyennes entreprises de fabrication de meubles massifs et/ou plaqués, de style ou contemporain. Secteur de l’ameublement (ébénisterie, restauration, menuiserie en sièges,…) et des arts du bois et de la décoration intérieure (sculpture, marqueterie, tournage, décors et traitements de surface).</span></p>
<p>&nbsp;</p>
<p><strong>Plus d’infos&#8230;</strong></p>
<p><a href="https://www.google.fr/search?q=metiers+%C3%A9b%C3%A9niste&amp;tbo=p&amp;tbm=vid&amp;source=vgc&amp;hl=fr&amp;aq=f&amp;gws_rd=ssl" class="spip_out" rel="external noopener" target="_blank">Fiche métier ONISEP</a></p>
<p><a href="https://www.youtube.com/watch?v=MsxfKBr9aw4">Présentation vidéo de notre formation</a></p>
<p><a href="https://www.google.fr/search?q=metiers+%C3%A9b%C3%A9niste&amp;tbo=p&amp;tbm=vid&amp;source=vgc&amp;hl=fr&amp;aq=f&amp;gws_rd=ssl" target="_blank" rel="noopener"></a></p>
<p>[/et_pb_text][/et_pb_column][/et_pb_row][et_pb_row _builder_version= »4.23.1&Prime; _module_preset= »default » global_colors_info= »{} »][et_pb_column type= »4_4&Prime; _builder_version= »4.23.1&Prime; _module_preset= »default » global_colors_info= »{} »][et_pb_gallery gallery_ids= »546,545,544,543,542&Prime; fullwidth= »on » _builder_version= »4.23.1&Prime; _module_preset= »default » animation_style= »fade » auto= »on » border_radii= »on|10px|10px|10px|10px » border_width_all= »5px » border_color_all= »#000000&Prime; global_colors_info= »{} »][/et_pb_gallery][/et_pb_column][/et_pb_row][et_pb_row _builder_version= »4.23.1&Prime; _module_preset= »default » global_colors_info= »{} »][et_pb_column type= »4_4&Prime; _builder_version= »4.23.1&Prime; _module_preset= »default » global_colors_info= »{} »][et_pb_button button_url= »https://www.lyceehenaff.fr/wp-content/uploads/2023/12/plaquette_eb.pdf » url_new_window= »on » button_text= »Plaquette BMA Ebéniste » button_alignment= »center » _builder_version= »4.23.1&Prime; _module_preset= »default » custom_button= »on » button_text_color= »#000000&Prime; hover_enabled= »0&Prime; global_colors_info= »{} » sticky_enabled= »0&Prime;][/et_pb_button][/et_pb_column][/et_pb_row][/et_pb_section]</p>

<p>Présentation du diplôme/métier Le titulaire du BMA Ebéniste est un technicien hautement qualifié qui fabrique ou restaure des meubles ou des éléments mobiliers, d’après un plan-projet ou un modèle. Ses activités professionnelles consistent à analyser un cahier des charges, un plan d’ensemble ou de détails pour déterminer les conditions de fabrication d’un produit, les coûts [&hellip;]</p>
