{"id":653,"date":"2023-12-10T12:41:40","date_gmt":"2023-12-10T11:41:40","guid":{"rendered":"http:\/\/www.lyceehenaff.fr\/?page_id=653"},"modified":"2023-12-15T16:55:02","modified_gmt":"2023-12-15T15:55:02","slug":"bac-professionnel-maintenance-et-efficacite-energetique-mee","status":"publish","type":"page","link":"https:\/\/www.lyceehenaff.fr\/index.php\/bac-professionnel-maintenance-et-efficacite-energetique-mee\/","title":{"rendered":"Bac Professionnel\u00a0Maintenance et Efficacit\u00e9 Energ\u00e9tique (MEE)"},"content":{"rendered":"<p>[et_pb_section fb_built=\u00a0\u00bb1&Prime; _builder_version=\u00a0\u00bb4.23.1&Prime; _module_preset=\u00a0\u00bbdefault\u00a0\u00bb background_enable_image=\u00a0\u00bboff\u00a0\u00bb border_radii=\u00a0\u00bbon|10px|10px|10px|10px\u00a0\u00bb global_colors_info=\u00a0\u00bb{}\u00a0\u00bb][et_pb_row _builder_version=\u00a0\u00bb4.23.1&Prime; _module_preset=\u00a0\u00bbdefault\u00a0\u00bb global_colors_info=\u00a0\u00bb{}\u00a0\u00bb][et_pb_column type=\u00a0\u00bb4_4&Prime; _builder_version=\u00a0\u00bb4.23.1&Prime; _module_preset=\u00a0\u00bbdefault\u00a0\u00bb global_colors_info=\u00a0\u00bb{}\u00a0\u00bb][et_pb_heading title=\u00a0\u00bbBac Professionnel Maintenance et Efficacit\u00e9 Energ\u00e9tique (MEE)\u00a0\u00bb _builder_version=\u00a0\u00bb4.23.1&Prime; _module_preset=\u00a0\u00bbdefault\u00a0\u00bb global_colors_info=\u00a0\u00bb{}\u00a0\u00bb][\/et_pb_heading][\/et_pb_column][\/et_pb_row][\/et_pb_section][et_pb_section fb_built=\u00a0\u00bb1&Prime; _builder_version=\u00a0\u00bb4.23.1&Prime; _module_preset=\u00a0\u00bbdefault\u00a0\u00bb custom_margin=\u00a0\u00bb-126px|||||\u00a0\u00bb custom_padding=\u00a0\u00bb36px|||||\u00a0\u00bb global_colors_info=\u00a0\u00bb{}\u00a0\u00bb][et_pb_row _builder_version=\u00a0\u00bb4.23.1&Prime; _module_preset=\u00a0\u00bbdefault\u00a0\u00bb custom_margin=\u00a0\u00bb1px|auto||auto||\u00a0\u00bb global_colors_info=\u00a0\u00bb{}\u00a0\u00bb][et_pb_column type=\u00a0\u00bb4_4&Prime; _builder_version=\u00a0\u00bb4.23.1&Prime; _module_preset=\u00a0\u00bbdefault\u00a0\u00bb global_colors_info=\u00a0\u00bb{}\u00a0\u00bb][et_pb_text _builder_version=\u00a0\u00bb4.23.1&Prime; _module_preset=\u00a0\u00bbdefault\u00a0\u00bb width=\u00a0\u00bb100%\u00a0\u00bb custom_margin=\u00a0\u00bb|422px||||\u00a0\u00bb link_option_url_new_window=\u00a0\u00bbon\u00a0\u00bb global_colors_info=\u00a0\u00bb{}\u00a0\u00bb]<\/p>\n<p><strong><\/strong><\/p>\n<p><strong>Pr\u00e9sentation du dipl\u00f4me\/m\u00e9tier<\/strong><\/p>\n<p>L<span>e baccalaur\u00e9at professionnel Technicien de Maintenance des syst\u00e8mes \u00e9nerg\u00e9tiques et climatiques pr\u00e9pare en 3 ans \u00e0 une int\u00e9gration dans la vie professionnelle et ponctuellement \u00e0 une poursuite d\u2019\u00e9tude.<\/span><\/p>\n<p><strong>Le profil recherch\u00e9<\/strong><br class=\"autobr\" \/>Le<span>\u00a0Bac Pro MEE s\u2019adresse \u00e0 des \u00e9l\u00e8ves qui veulent d\u00e9velopper leurs qualit\u00e9s pratiques, qui savent communiquer, respecter des consignes et faire preuve de curiosit\u00e9. Nous comptons sur des \u00e9l\u00e8ves qui veulent travailler s\u00e9rieusement avec des professionnels.<\/span><\/p>\n<p><strong>Programme de travail<\/strong><\/p>\n<ul class=\"spip\">\n<li>Le Bac Pro MEE comprend des mati\u00e8res g\u00e9n\u00e9rales (fran\u00e7ais, histoire g\u00e9ographie, math\u00e9matiques et sciences, langue vivante, EPS) essentielles \u00e0 la formation de l\u2019\u00e9l\u00e8ve citoyen, \u00e0 sa culture g\u00e9n\u00e9rale et \u00e0 son autonomie.<\/li>\n<\/ul>\n<ul class=\"spip\">\n<li>Formation scientifique\u00a0: physique appliqu\u00e9e \u00e0 la thermique et au froid, technologie des installations de chauffage (gaz, fioul, \u00e9lectricit\u00e9), r\u00e9gulation des installations de chauffage, hydraulique, technologie froid et climatisation, mise en route et optimisation des installations frigorifiques, travaux pratiques en climatisation, pr\u00e9paration aux habilitations \u00e9lectriques B1V et B R.<\/li>\n<\/ul>\n<ul class=\"spip\">\n<li>Formation en milieu professionnel sur 22 semaines de PFMP\u00a0: connaissance de l\u2019entreprise, analyse des syst\u00e8mes, prise en charge des installations, organisation des maintenances, communication.<\/li>\n<\/ul>\n<ul class=\"spip\">\n<li>Activit\u00e9s professionnelles : assurer la maintenance des installations et le d\u00e9pannage, assurer la mise en service, le r\u00e9glage, la mise au point (neuves ou existantes), assurer la conduite des installations, optimiser leur fonctionnement, veiller \u00e0 la s\u00e9curit\u00e9 des personnes et des biens, v\u00e9rifier les conformit\u00e9s.<a href=\"https:\/\/www.youtube.com\/watch?v=QalXQygc7Y8\"><\/a><\/li>\n<\/ul>\n<p><a href=\"https:\/\/www.youtube.com\/watch?v=6R5EiYpL1ic\" target=\"_blank\" rel=\"noopener\"><\/a><\/p>\n<p>[\/et_pb_text][\/et_pb_column][\/et_pb_row][et_pb_row _builder_version=\u00a0\u00bb4.23.1&Prime; _module_preset=\u00a0\u00bbdefault\u00a0\u00bb][et_pb_column _builder_version=\u00a0\u00bb4.23.1&Prime; _module_preset=\u00a0\u00bbdefault\u00a0\u00bb type=\u00a0\u00bb4_4&Prime;][et_pb_video src=\u00a0\u00bbhttps:\/\/www.youtube.com\/watch?v=QalXQygc7Y8&Prime; _builder_version=\u00a0\u00bb4.23.1&Prime; _module_preset=\u00a0\u00bbdefault\u00a0\u00bb width=\u00a0\u00bb62%\u00a0\u00bb module_alignment=\u00a0\u00bbcenter\u00a0\u00bb border_radii=\u00a0\u00bbon|10px|10px|10px|10px\u00a0\u00bb border_width_all=\u00a0\u00bb5px\u00a0\u00bb border_color_all=\u00a0\u00bb#000000&Prime; hover_enabled=\u00a0\u00bb0&Prime; sticky_enabled=\u00a0\u00bb0&Prime;][\/et_pb_video][\/et_pb_column][\/et_pb_row][et_pb_row _builder_version=\u00a0\u00bb4.23.1&Prime; _module_preset=\u00a0\u00bbdefault\u00a0\u00bb global_colors_info=\u00a0\u00bb{}\u00a0\u00bb][et_pb_column type=\u00a0\u00bb4_4&Prime; _builder_version=\u00a0\u00bb4.23.1&Prime; _module_preset=\u00a0\u00bbdefault\u00a0\u00bb global_colors_info=\u00a0\u00bb{}\u00a0\u00bb][et_pb_gallery gallery_ids=\u00a0\u00bb630,631,632,633,634,635,636,637,638,639,640,641,642,643,644,645&Prime; fullwidth=\u00a0\u00bbon\u00a0\u00bb _builder_version=\u00a0\u00bb4.23.1&Prime; _module_preset=\u00a0\u00bbdefault\u00a0\u00bb animation_style=\u00a0\u00bbfade\u00a0\u00bb auto=\u00a0\u00bbon\u00a0\u00bb border_radii=\u00a0\u00bbon|10px|10px|10px|10px\u00a0\u00bb border_width_all=\u00a0\u00bb5px\u00a0\u00bb border_color_all=\u00a0\u00bb#000000&Prime; global_colors_info=\u00a0\u00bb{}\u00a0\u00bb][\/et_pb_gallery][\/et_pb_column][\/et_pb_row][et_pb_row _builder_version=\u00a0\u00bb4.23.1&Prime; _module_preset=\u00a0\u00bbdefault\u00a0\u00bb global_colors_info=\u00a0\u00bb{}\u00a0\u00bb][et_pb_column type=\u00a0\u00bb4_4&Prime; _builder_version=\u00a0\u00bb4.23.1&Prime; _module_preset=\u00a0\u00bbdefault\u00a0\u00bb global_colors_info=\u00a0\u00bb{}\u00a0\u00bb][et_pb_button button_url=\u00a0\u00bbhttps:\/\/www.lyceehenaff.fr\/wp-content\/uploads\/2023\/12\/plaquette_BACpro_MEE__1_.pdf\u00a0\u00bb url_new_window=\u00a0\u00bbon\u00a0\u00bb button_text=\u00a0\u00bbPlaquette MEE\u00a0\u00bb button_alignment=\u00a0\u00bbcenter\u00a0\u00bb _builder_version=\u00a0\u00bb4.23.1&Prime; _module_preset=\u00a0\u00bbdefault\u00a0\u00bb custom_button=\u00a0\u00bbon\u00a0\u00bb button_text_color=\u00a0\u00bb#000000&Prime; hover_enabled=\u00a0\u00bb0&Prime; global_colors_info=\u00a0\u00bb{}\u00a0\u00bb sticky_enabled=\u00a0\u00bb0&Prime;][\/et_pb_button][\/et_pb_column][\/et_pb_row][\/et_pb_section]<\/p>\n","protected":false},"excerpt":{"rendered":"<p>Pr\u00e9sentation du dipl\u00f4me\/m\u00e9tier Le baccalaur\u00e9at professionnel Technicien de Maintenance des syst\u00e8mes \u00e9nerg\u00e9tiques et climatiques pr\u00e9pare en 3 ans \u00e0 une int\u00e9gration dans la vie professionnelle et ponctuellement \u00e0 une poursuite d\u2019\u00e9tude. Le profil recherch\u00e9Le\u00a0Bac Pro MEE s\u2019adresse \u00e0 des \u00e9l\u00e8ves qui veulent d\u00e9velopper leurs qualit\u00e9s pratiques, qui savent communiquer, respecter des consignes et faire preuve [&hellip;]<\/p>\n","protected":false},"author":2,"featured_media":0,"parent":0,"menu_order":0,"comment_status":"closed","ping_status":"closed","template":"","meta":{"_et_pb_use_builder":"on","_et_pb_old_content":"","_et_gb_content_width":"","footnotes":""},"class_list":["post-653","page","type-page","status-publish","hentry"],"_links":{"self":[{"href":"https:\/\/www.lyceehenaff.fr\/index.php\/wp-json\/wp\/v2\/pages\/653","targetHints":{"allow":["GET"]}}],"collection":[{"href":"https:\/\/www.lyceehenaff.fr\/index.php\/wp-json\/wp\/v2\/pages"}],"about":[{"href":"https:\/\/www.lyceehenaff.fr\/index.php\/wp-json\/wp\/v2\/types\/page"}],"author":[{"embeddable":true,"href":"https:\/\/www.lyceehenaff.fr\/index.php\/wp-json\/wp\/v2\/users\/2"}],"replies":[{"embeddable":true,"href":"https:\/\/www.lyceehenaff.fr\/index.php\/wp-json\/wp\/v2\/comments?post=653"}],"version-history":[{"count":7,"href":"https:\/\/www.lyceehenaff.fr\/index.php\/wp-json\/wp\/v2\/pages\/653\/revisions"}],"predecessor-version":[{"id":966,"href":"https:\/\/www.lyceehenaff.fr\/index.php\/wp-json\/wp\/v2\/pages\/653\/revisions\/966"}],"wp:attachment":[{"href":"https:\/\/www.lyceehenaff.fr\/index.php\/wp-json\/wp\/v2\/media?parent=653"}],"curies":[{"name":"wp","href":"https:\/\/api.w.org\/{rel}","templated":true}]}}

Bac Professionnel Maintenance et Efficacité Energétique (MEE)

<p>[et_pb_section fb_built= »1&Prime; _builder_version= »4.23.1&Prime; _module_preset= »default » background_enable_image= »off » border_radii= »on|10px|10px|10px|10px » global_colors_info= »{} »][et_pb_row _builder_version= »4.23.1&Prime; _module_preset= »default » global_colors_info= »{} »][et_pb_column type= »4_4&Prime; _builder_version= »4.23.1&Prime; _module_preset= »default » global_colors_info= »{} »][et_pb_heading title= »Bac Professionnel Maintenance et Efficacité Energétique (MEE) » _builder_version= »4.23.1&Prime; _module_preset= »default » global_colors_info= »{} »][/et_pb_heading][/et_pb_column][/et_pb_row][/et_pb_section][et_pb_section fb_built= »1&Prime; _builder_version= »4.23.1&Prime; _module_preset= »default » custom_margin= »-126px||||| » custom_padding= »36px||||| » global_colors_info= »{} »][et_pb_row _builder_version= »4.23.1&Prime; _module_preset= »default » custom_margin= »1px|auto||auto|| » global_colors_info= »{} »][et_pb_column type= »4_4&Prime; _builder_version= »4.23.1&Prime; _module_preset= »default » global_colors_info= »{} »][et_pb_text _builder_version= »4.23.1&Prime; _module_preset= »default » width= »100% » custom_margin= »|422px|||| » link_option_url_new_window= »on » global_colors_info= »{} »]</p>
<p><strong></strong></p>
<p><strong>Présentation du diplôme/métier</strong></p>
<p>L<span>e baccalauréat professionnel Technicien de Maintenance des systèmes énergétiques et climatiques prépare en 3 ans à une intégration dans la vie professionnelle et ponctuellement à une poursuite d’étude.</span></p>
<p><strong>Le profil recherché</strong><br class="autobr" />Le<span> Bac Pro MEE s’adresse à des élèves qui veulent développer leurs qualités pratiques, qui savent communiquer, respecter des consignes et faire preuve de curiosité. Nous comptons sur des élèves qui veulent travailler sérieusement avec des professionnels.</span></p>
<p><strong>Programme de travail</strong></p>
<ul class="spip">
<li>Le Bac Pro MEE comprend des matières générales (français, histoire géographie, mathématiques et sciences, langue vivante, EPS) essentielles à la formation de l’élève citoyen, à sa culture générale et à son autonomie.</li>
</ul>
<ul class="spip">
<li>Formation scientifique : physique appliquée à la thermique et au froid, technologie des installations de chauffage (gaz, fioul, électricité), régulation des installations de chauffage, hydraulique, technologie froid et climatisation, mise en route et optimisation des installations frigorifiques, travaux pratiques en climatisation, préparation aux habilitations électriques B1V et B R.</li>
</ul>
<ul class="spip">
<li>Formation en milieu professionnel sur 22 semaines de PFMP : connaissance de l’entreprise, analyse des systèmes, prise en charge des installations, organisation des maintenances, communication.</li>
</ul>
<ul class="spip">
<li>Activités professionnelles : assurer la maintenance des installations et le dépannage, assurer la mise en service, le réglage, la mise au point (neuves ou existantes), assurer la conduite des installations, optimiser leur fonctionnement, veiller à la sécurité des personnes et des biens, vérifier les conformités.<a href="https://www.youtube.com/watch?v=QalXQygc7Y8"></a></li>
</ul>
<p><a href="https://www.youtube.com/watch?v=6R5EiYpL1ic" target="_blank" rel="noopener"></a></p>
<p>[/et_pb_text][/et_pb_column][/et_pb_row][et_pb_row _builder_version= »4.23.1&Prime; _module_preset= »default »][et_pb_column _builder_version= »4.23.1&Prime; _module_preset= »default » type= »4_4&Prime;][et_pb_video src= »https://www.youtube.com/watch?v=QalXQygc7Y8&Prime; _builder_version= »4.23.1&Prime; _module_preset= »default » width= »62% » module_alignment= »center » border_radii= »on|10px|10px|10px|10px » border_width_all= »5px » border_color_all= »#000000&Prime; hover_enabled= »0&Prime; sticky_enabled= »0&Prime;][/et_pb_video][/et_pb_column][/et_pb_row][et_pb_row _builder_version= »4.23.1&Prime; _module_preset= »default » global_colors_info= »{} »][et_pb_column type= »4_4&Prime; _builder_version= »4.23.1&Prime; _module_preset= »default » global_colors_info= »{} »][et_pb_gallery gallery_ids= »630,631,632,633,634,635,636,637,638,639,640,641,642,643,644,645&Prime; fullwidth= »on » _builder_version= »4.23.1&Prime; _module_preset= »default » animation_style= »fade » auto= »on » border_radii= »on|10px|10px|10px|10px » border_width_all= »5px » border_color_all= »#000000&Prime; global_colors_info= »{} »][/et_pb_gallery][/et_pb_column][/et_pb_row][et_pb_row _builder_version= »4.23.1&Prime; _module_preset= »default » global_colors_info= »{} »][et_pb_column type= »4_4&Prime; _builder_version= »4.23.1&Prime; _module_preset= »default » global_colors_info= »{} »][et_pb_button button_url= »https://www.lyceehenaff.fr/wp-content/uploads/2023/12/plaquette_BACpro_MEE__1_.pdf » url_new_window= »on » button_text= »Plaquette MEE » button_alignment= »center » _builder_version= »4.23.1&Prime; _module_preset= »default » custom_button= »on » button_text_color= »#000000&Prime; hover_enabled= »0&Prime; global_colors_info= »{} » sticky_enabled= »0&Prime;][/et_pb_button][/et_pb_column][/et_pb_row][/et_pb_section]</p>

<p>Présentation du diplôme/métier Le baccalauréat professionnel Technicien de Maintenance des systèmes énergétiques et climatiques prépare en 3 ans à une intégration dans la vie professionnelle et ponctuellement à une poursuite d’étude. Le profil recherchéLe Bac Pro MEE s’adresse à des élèves qui veulent développer leurs qualités pratiques, qui savent communiquer, respecter des consignes et faire preuve [&hellip;]</p>
