{"id":667,"date":"2023-12-10T14:31:29","date_gmt":"2023-12-10T13:31:29","guid":{"rendered":"http:\/\/www.lyceehenaff.fr\/?page_id=667"},"modified":"2023-12-15T16:48:20","modified_gmt":"2023-12-15T15:48:20","slug":"cap-signaletique-et-decors-graphiques","status":"publish","type":"page","link":"https:\/\/www.lyceehenaff.fr\/index.php\/cap-signaletique-et-decors-graphiques\/","title":{"rendered":"CAP Signal\u00e9tique et D\u00e9cors Graphiques"},"content":{"rendered":"<p>[et_pb_section fb_built=\u00a0\u00bb1&Prime; _builder_version=\u00a0\u00bb4.23.1&Prime; _module_preset=\u00a0\u00bbdefault\u00a0\u00bb background_enable_image=\u00a0\u00bboff\u00a0\u00bb border_radii=\u00a0\u00bbon|10px|10px|10px|10px\u00a0\u00bb global_colors_info=\u00a0\u00bb{}\u00a0\u00bb][et_pb_row _builder_version=\u00a0\u00bb4.23.1&Prime; _module_preset=\u00a0\u00bbdefault\u00a0\u00bb global_colors_info=\u00a0\u00bb{}\u00a0\u00bb][et_pb_column type=\u00a0\u00bb4_4&Prime; _builder_version=\u00a0\u00bb4.23.1&Prime; _module_preset=\u00a0\u00bbdefault\u00a0\u00bb global_colors_info=\u00a0\u00bb{}\u00a0\u00bb][et_pb_heading title=\u00a0\u00bbCAP Signal\u00e9tique et D\u00e9cors Graphiques\u00a0\u00bb _builder_version=\u00a0\u00bb4.23.1&Prime; _module_preset=\u00a0\u00bbdefault\u00a0\u00bb title_text_align=\u00a0\u00bbleft\u00a0\u00bb global_colors_info=\u00a0\u00bb{}\u00a0\u00bb][\/et_pb_heading][\/et_pb_column][\/et_pb_row][\/et_pb_section][et_pb_section fb_built=\u00a0\u00bb1&Prime; _builder_version=\u00a0\u00bb4.23.1&Prime; _module_preset=\u00a0\u00bbdefault\u00a0\u00bb custom_margin=\u00a0\u00bb-126px|||||\u00a0\u00bb custom_padding=\u00a0\u00bb36px|||||\u00a0\u00bb global_colors_info=\u00a0\u00bb{}\u00a0\u00bb][et_pb_row _builder_version=\u00a0\u00bb4.23.1&Prime; _module_preset=\u00a0\u00bbdefault\u00a0\u00bb custom_margin=\u00a0\u00bb1px|auto||auto||\u00a0\u00bb global_colors_info=\u00a0\u00bb{}\u00a0\u00bb][et_pb_column type=\u00a0\u00bb4_4&Prime; _builder_version=\u00a0\u00bb4.23.1&Prime; _module_preset=\u00a0\u00bbdefault\u00a0\u00bb global_colors_info=\u00a0\u00bb{}\u00a0\u00bb][et_pb_text _builder_version=\u00a0\u00bb4.23.1&Prime; _module_preset=\u00a0\u00bbdefault\u00a0\u00bb width=\u00a0\u00bb80%\u00a0\u00bb custom_margin=\u00a0\u00bb|422px||||\u00a0\u00bb link_option_url_new_window=\u00a0\u00bbon\u00a0\u00bb global_colors_info=\u00a0\u00bb{}\u00a0\u00bb]<\/p>\n<p><strong>Pr\u00e9sentation du dipl\u00f4me\/m\u00e9tier<\/strong><\/p>\n<p>Le titulaire de ce dipl\u00f4me sera capable de composer et dessiner des affiches, des enseignes, de peindre des motifs de d\u00e9coration \u00e0 l\u2019int\u00e9rieur et \u00e0 l\u2019ext\u00e9rieur des b\u00e2timents. Il r\u00e9alise des produits publicitaires d\u2019information ou de communication\u00a0: panneaux, signal\u00e9tique, vitrines, v\u00e9hicules, affichage ext\u00e9rieur de cin\u00e9ma ou d\u2019exposition.<\/p>\n<p>Le titulaire du CAP Signal\u00e9tique, enseigne et d\u00e9cor est capable de r\u00e9aliser, en fonction des sp\u00e9cifications fournies, des produits \u00e0 l\u2019unit\u00e9 ou en s\u00e9rie ayant une vocation publicitaire d\u2019information, de communication visuelle ou de d\u00e9cor. Il m\u00e8ne \u00e0 bien ces r\u00e9alisations sous la direction d\u2019un responsable qui distribue le travail, impose les d\u00e9lais d\u2019ex\u00e9cution et contr\u00f4le les r\u00e9sultats. Il participe \u00e0 l\u2019accueil des clients et des fournisseurs, entretient des relations fonctionnelles avec ses coll\u00e8gues et le responsable de chantier ou d\u2019atelier qu\u2019il informe sur les particularit\u00e9s ou les difficult\u00e9s du travail \u00e0 effectuer. Il exerce son activit\u00e9 soit en atelier soit sur site.<\/p>\n<p>Ses activit\u00e9s consistent \u00e0\u00a0:<\/p>\n<ul class=\"spip\">\n<li>analyser le travail \u00e0 r\u00e9aliser en fonction de la demande et de la fiche d\u2019instructions\u00a0;<\/li>\n<li>relever les informations pertinentes dans l\u2019environnement du produit \u00e0 r\u00e9aliser et contribuer au choix des solutions esth\u00e9tiques et techniques\u00a0;<\/li>\n<li>r\u00e9aliser un crayonn\u00e9 ou une maquette PAO et la transposer en vue de la r\u00e9alisation\u00a0;<\/li>\n<li>organiser le poste de travail, recenser les besoins en mat\u00e9riaux et mat\u00e9riels, pr\u00e9parer les outils et outillages n\u00e9cessaires, assurer la mise en place des dispositifs de protection des personnes et des biens\u00a0;<\/li>\n<li>pr\u00e9parer les supports et la mati\u00e8re d\u2019\u0153uvre\u00a0;<\/li>\n<li>r\u00e9aliser et mettre en place, traditionnellement ou par les moyens informatiques, les lettrages, graphismes et d\u00e9cors\u00a0;<\/li>\n<li>assurer la finition et v\u00e9rifier la conformit\u00e9 du travail r\u00e9alis\u00e9\u00a0;<\/li>\n<li>maintenir en \u00e9tat les \u00e9quipements, le mat\u00e9riel et le poste de travail\u00a0;<\/li>\n<li>s\u2019informer sur les \u00e9volutions techniques et technologiques du m\u00e9tier.<\/li>\n<\/ul>\n<p><strong>Le profil recherch\u00e9<\/strong><br class=\"autobr\" \/>Le\u00a0CAP SDG s\u2019adresse \u00e0 des \u00e9l\u00e8ves curieux, qui veulent d\u00e9velopper leurs qualit\u00e9s manuelles et r\u00e9flexives\u00a0; qui sont pr\u00eats \u00e0 s\u2019adapter \u00e0 des contraintes li\u00e9s \u00e0 un projet afin d\u2019apprendre \u00e0 le communiquer graphiquement et oralement.<\/p>\n<p>Nous comptons sur des \u00e9l\u00e8ves qui veulent s\u2019investir tant dans leurs \u00e9tudes que dans le milieu professionnel et qui ont envie d\u2019 apprendre \u00e0 travailler en \u00e9quipe.<\/p>\n<p><strong>Programme de travail<\/strong><\/p>\n<ul class=\"spip\">\n<li>Le CAP comprend des mati\u00e8res g\u00e9n\u00e9rales (fran\u00e7ais, histoire g\u00e9ographie, math\u00e9matiques et sciences, langue vivante, EPS) essentielles \u00e0 la formation de l\u2019\u00e9l\u00e8ve citoyen, \u00e0 sa culture g\u00e9n\u00e9rale et \u00e0 son autonomie.<\/li>\n<\/ul>\n<ul class=\"spip\">\n<li>La formation professionnelle permet d\u2019acqu\u00e9rir les savoirs-faire traditionnels des peintres en lettres mais aussi la maitrise des outils informatiques, de la s\u00e9rigraphie et de la d\u00e9coupe des mati\u00e8res plastiques. L\u2019agent graphiste travaille essentiellement sur quatre p\u00f4les\u00a0:<br class=\"autobr\" \/><i>La s\u00e9rigraphie<\/i>\u00a0: les techniques d\u2019impression sur diff\u00e9rents types de support.<br class=\"autobr\" \/><i>L\u2019infographie<\/i>\u00a0: la d\u00e9coupe adh\u00e9sive et les nouvelles technologies qui sont li\u00e9es aux d\u00e9coupes.<br class=\"autobr\" \/><i>Le trac\u00e9 des lettres<\/i>\u00a0: mise en page sur des grands formats, travail d\u2019ex\u00e9cution avec la technique de peinture et de trac\u00e9 pur (construction g\u00e9om\u00e9trique.<br class=\"autobr\" \/><i>Pr\u00e9paration des fonds<\/i>\u00a0: tout ce qu\u2019il faut savoir sur les diff\u00e9rents supports qui peuvent \u00eatre utilis\u00e9s.<\/li>\n<\/ul>\n<p><strong><\/strong><span style=\"font-size: 14px;\">\u00a0<\/span><\/p>\n<p><strong>Poursuite d\u2019\u00e9tudes et d\u00e9bouch\u00e9s professionnels<\/strong><\/p>\n<p>Il est pr\u00e9f\u00e9rable pour obtenir un bon poste de continuer ses \u00e9tudes, cependant le titulaire du CAP pourra exercer dans des entreprises de publicit\u00e9, les imprimeries et la s\u00e9rigraphie.<\/p>\n<ul class=\"spip\">\n<li><a href=\"https:\/\/web.archive.org\/web\/20230324185212\/http:\/\/lyceehenaff.fr\/BMA-Arts-graphisme-et-decors\" class=\"spip_in\">Brevet des m\u00e9tiers d\u2019art\u00a0: Graphisme et D\u00e9cor<\/a><\/li>\n<li>1<sup class=\"typo_exposants\">re<\/sup><span>\u00a0<\/span>d\u2019adaptation (Brevet de technicien)<\/li>\n<li>B.T. Dessinateur maquettiste<\/li>\n<li>B.T. Industrie graphique<\/li>\n<li>Formations compl\u00e9mentaires diverses<a href=\"https:\/\/www.youtube.com\/watch?v=wCN4T-JJqD4\"><\/a><strong><\/strong><\/li>\n<\/ul>\n<p><a href=\"https:\/\/www.youtube.com\/watch?v=6R5EiYpL1ic\" target=\"_blank\" rel=\"noopener\"><\/a><\/p>\n<p>[\/et_pb_text][\/et_pb_column][\/et_pb_row][et_pb_row _builder_version=\u00a0\u00bb4.23.1&Prime; _module_preset=\u00a0\u00bbdefault\u00a0\u00bb global_colors_info=\u00a0\u00bb{}\u00a0\u00bb][et_pb_column type=\u00a0\u00bb4_4&Prime; _builder_version=\u00a0\u00bb4.23.1&Prime; _module_preset=\u00a0\u00bbdefault\u00a0\u00bb global_colors_info=\u00a0\u00bb{}\u00a0\u00bb][et_pb_video src=\u00a0\u00bbhttps:\/\/www.youtube.com\/watch?v=wCN4T-JJqD4&Prime; _builder_version=\u00a0\u00bb4.23.1&Prime; _module_preset=\u00a0\u00bbdefault\u00a0\u00bb width=\u00a0\u00bb62%\u00a0\u00bb module_alignment=\u00a0\u00bbcenter\u00a0\u00bb border_radii=\u00a0\u00bbon|10px|10px|10px|10px\u00a0\u00bb border_width_all=\u00a0\u00bb5px\u00a0\u00bb border_color_all=\u00a0\u00bb#000000&Prime; global_colors_info=\u00a0\u00bb{}\u00a0\u00bb hover_enabled=\u00a0\u00bb0&Prime; sticky_enabled=\u00a0\u00bb0&Prime;][\/et_pb_video][\/et_pb_column][\/et_pb_row][et_pb_row _builder_version=\u00a0\u00bb4.23.1&Prime; _module_preset=\u00a0\u00bbdefault\u00a0\u00bb global_colors_info=\u00a0\u00bb{}\u00a0\u00bb][et_pb_column type=\u00a0\u00bb4_4&Prime; _builder_version=\u00a0\u00bb4.23.1&Prime; _module_preset=\u00a0\u00bbdefault\u00a0\u00bb global_colors_info=\u00a0\u00bb{}\u00a0\u00bb][et_pb_gallery gallery_ids=\u00a0\u00bb559,560,561,562,563,564,565,566,567,568,569,570,571&Prime; fullwidth=\u00a0\u00bbon\u00a0\u00bb _builder_version=\u00a0\u00bb4.23.1&Prime; _module_preset=\u00a0\u00bbdefault\u00a0\u00bb animation_style=\u00a0\u00bbfade\u00a0\u00bb auto=\u00a0\u00bbon\u00a0\u00bb border_radii=\u00a0\u00bbon|10px|10px|10px|10px\u00a0\u00bb border_width_all=\u00a0\u00bb5px\u00a0\u00bb border_color_all=\u00a0\u00bb#000000&Prime; global_colors_info=\u00a0\u00bb{}\u00a0\u00bb][\/et_pb_gallery][\/et_pb_column][\/et_pb_row][et_pb_row _builder_version=\u00a0\u00bb4.23.1&Prime; _module_preset=\u00a0\u00bbdefault\u00a0\u00bb global_colors_info=\u00a0\u00bb{}\u00a0\u00bb][et_pb_column type=\u00a0\u00bb4_4&Prime; _builder_version=\u00a0\u00bb4.23.1&Prime; _module_preset=\u00a0\u00bbdefault\u00a0\u00bb global_colors_info=\u00a0\u00bb{}\u00a0\u00bb][et_pb_button button_url=\u00a0\u00bbhttps:\/\/www.lyceehenaff.fr\/wp-content\/uploads\/2023\/12\/plaquette_SDG.pdf\u00a0\u00bb url_new_window=\u00a0\u00bbon\u00a0\u00bb button_text=\u00a0\u00bbPlaquette Arts Graphiques\u00a0\u00bb button_alignment=\u00a0\u00bbcenter\u00a0\u00bb _builder_version=\u00a0\u00bb4.23.1&Prime; _module_preset=\u00a0\u00bbdefault\u00a0\u00bb custom_button=\u00a0\u00bbon\u00a0\u00bb button_text_color=\u00a0\u00bb#000000&Prime; global_colors_info=\u00a0\u00bb{}\u00a0\u00bb][\/et_pb_button][\/et_pb_column][\/et_pb_row][\/et_pb_section]<\/p>\n","protected":false},"excerpt":{"rendered":"<p>Pr\u00e9sentation du dipl\u00f4me\/m\u00e9tier Le titulaire de ce dipl\u00f4me sera capable de composer et dessiner des affiches, des enseignes, de peindre des motifs de d\u00e9coration \u00e0 l\u2019int\u00e9rieur et \u00e0 l\u2019ext\u00e9rieur des b\u00e2timents. Il r\u00e9alise des produits publicitaires d\u2019information ou de communication\u00a0: panneaux, signal\u00e9tique, vitrines, v\u00e9hicules, affichage ext\u00e9rieur de cin\u00e9ma ou d\u2019exposition. Le titulaire du CAP Signal\u00e9tique, [&hellip;]<\/p>\n","protected":false},"author":2,"featured_media":0,"parent":0,"menu_order":0,"comment_status":"closed","ping_status":"closed","template":"","meta":{"_et_pb_use_builder":"on","_et_pb_old_content":"","_et_gb_content_width":"","footnotes":""},"class_list":["post-667","page","type-page","status-publish","hentry"],"_links":{"self":[{"href":"https:\/\/www.lyceehenaff.fr\/index.php\/wp-json\/wp\/v2\/pages\/667","targetHints":{"allow":["GET"]}}],"collection":[{"href":"https:\/\/www.lyceehenaff.fr\/index.php\/wp-json\/wp\/v2\/pages"}],"about":[{"href":"https:\/\/www.lyceehenaff.fr\/index.php\/wp-json\/wp\/v2\/types\/page"}],"author":[{"embeddable":true,"href":"https:\/\/www.lyceehenaff.fr\/index.php\/wp-json\/wp\/v2\/users\/2"}],"replies":[{"embeddable":true,"href":"https:\/\/www.lyceehenaff.fr\/index.php\/wp-json\/wp\/v2\/comments?post=667"}],"version-history":[{"count":7,"href":"https:\/\/www.lyceehenaff.fr\/index.php\/wp-json\/wp\/v2\/pages\/667\/revisions"}],"predecessor-version":[{"id":963,"href":"https:\/\/www.lyceehenaff.fr\/index.php\/wp-json\/wp\/v2\/pages\/667\/revisions\/963"}],"wp:attachment":[{"href":"https:\/\/www.lyceehenaff.fr\/index.php\/wp-json\/wp\/v2\/media?parent=667"}],"curies":[{"name":"wp","href":"https:\/\/api.w.org\/{rel}","templated":true}]}}